 of b.
2, 13
Let j(n) = -82*n + 1. List the prime factors of j(-1).
83
Let g = 92 - 60. What are the prime factors of g?
2
Let g be (9/(-12))/(-1)*16. Suppose -5*q + 2*q = -g. Suppose -v + 3*o = -2*o - 2, -2*v + q*o + 10 = 0. List the prime factors of v.
7
Suppose -2*b = 3*b - 120. Suppose 4*t + 0 = 5*j + 93, 2*t = -2*j + b. List the prime factors of t.
17
Suppose 4*h + 8 = 0, 2*m = -3*h - 119 - 155. What are the prime factors of m/(-11) - 16/88?
2, 3
Suppose n = z - 4, 3*z = -n - 4 + 16. Suppose n*x - 8 = -4*x. Suppose 3*s - 4*s + 2*v = 0, 4*s - x*v - 6 = 0. What are the prime factors of s?
2
Suppose 17*y - 12*y = 15. What are the prime factors of (1/y)/(2/18)?
3
Let r be 2 + ((-6)/3)/(-1). Suppose -5*d - r*u - 9 - 7 = 0, 0 = -2*d + 5*u + 20. Suppose 3*n - 17 = n + 5*q, d = 5*n + 2*q - 28. List the prime factors of n.
2, 3
Suppose -2*n = n - 2*l + 27, 0 = -2*n - 3*l - 31. Let k(x) = x**2 + 10*x + 7. What are the prime factors of k(n)?
2, 3
Let y be 6/9 + 60/(-9). Let f(v) = -v**3 - 6*v**2 - v + 3. List the prime factors of f(y).
3
Suppose -w + 19 = -1. What are the prime factors of w?
2, 5
What are the prime factors of ((-66)/18 + 3)*-381?
2, 127
Let p be -1 + 1/((-2)/(-2)). Let j be p + (1/(-1) - -11). What are the prime factors of (14/(-5))/((-2)/j)?
2, 7
Let p(r) = r - 3. Let q be p(0). Let d(g) = -g - 3. Let m be d(q). Suppose 4*y - 60 = -m*y. What are the prime factors of y?
3, 5
Let i be 3/4 - (-1)/4. Let r(c) = 42*c**2 - c. What are the prime factors of r(i)?
41
Let l be (4/(-2))/((-8)/12). Suppose l*y + 7 = -11. What are the prime factors of 1*y/2 + 16?
13
Let l(v) = v**3 - v**2 + v + 89. Let m be l(0). Suppose q + 127 = 5*w + 30, 5*w + 3*q = m. What are the prime factors of w?
19
Let i be (-675)/(-36) + 1/4. Suppose y + i - 52 = 0. List the prime factors of y.
3, 11
Let b = 84 - 38. Suppose -8 + b = 2*c. List the prime factors of c.
19
List the prime factors of (-2 - -1)/((-3)/21).
7
What are the prime factors of 9 + (-3 - 1) + 4?
3
Let l(o) = -8*o + 6. Let w(m) = 17*m - 11. Let a(d) = 9*l(d) + 4*w(d). List the prime factors of a(-5).
2, 3, 5
Let l(i) = -3*i - 1. Let z be l(-10). List the prime factors of (-3)/9*0 + z.
29
Suppose 0 = -12*p + 892 + 2120. List the prime factors of p.
251
Let f be (-2 - 2)/(-2 - 0). Suppose -f*g - g = -45. What are the prime factors of g?
3, 5
Suppose 20 = 13*z - 9*z. Suppose -2*l + b + 22 = 0, b - z*b + 8 = 0. List the prime factors of l.
2, 3
Let p(f) = 3*f**3 - 2*f**2 - f. What are the prime factors of p(3)?
2, 3, 5
Suppose t - 4*p + 2 = 0, -5*t + 4*p + 64 - 26 = 0. What are the prime factors of (-2)/(-5) - (-116)/t?
2, 3
Suppose 2*k - 130 = -3*k. List the prime factors of k.
2, 13
Let s(p) = -p**2 + 8*p + 9. Let o be s(8). Suppose 42 = -o*a + 11*a. List the prime factors of a.
3, 7
List the prime factors of (2*3)/(4/30).
3, 5
Let i(p) = -p**2 - 13*p - 3. Let h be -2*((-135)/6)/(-5). List the prime factors of i(h).
3, 11
Suppose 0 = 2*l - 9 + 1. Suppose 0 = 4*b + l, 4*d = 5*d - 3*b - 8. Suppose -d*c + 37 = 2*a + 2*a, a - 5*c + 22 = 0. List the prime factors of a.
3
Suppose -6*c + c + 15 = 0. Let g = 7 - c. What are the prime factors of g?
2
Suppose -4*b = -2*r + 4*r - 164, -r = 0. What are the prime factors of b?
41
Let y = -1 + 4. Suppose -210 = 2*o - 7*o + 4*g, -5*o + 210 = y*g. Suppose -4*m + o = -2. What are the prime factors of m?
11
Suppose -14 = d + 4*m - 0*m, -4*d - 2 = -2*m. Let f be (-29)/((d - -3)/(-1)). Suppose -1 = -s + t, 4*s + t = -s + f. List the prime factors of s.
5
Suppose 13 = 5*h - 4*h. Suppose -g + h = 2*j, 4*g - 17 = -4*j + 39. Suppose -4*n + 32 = 3*c, -4*n + g - 39 = -4*c. List the prime factors of c.
2
Let t = 1 - -1. Let y be t/((-4)/(-1))*-14. Let x = y + 16. What are the prime factors of x?
3
Let l(v) = v - 2. Let y be l(6). Let z = y + 1. What are the prime factors of z?
5
Suppose 2*u - 14 = -2*r, 4*r + 1 = -2*u + 5*r. Let q = 12 - u. List the prime factors of q.
2, 5
Suppose -51 - 25 = -4*u. What are the prime factors of u?
19
Let q be 5/2 + 2/4. Let p(b) = 5*b**2 - 6*b + 2. Let m(a) = 9*a**2 - 11*a + 3. Let f(t) = 3*m(t) - 5*p(t). List the prime factors of f(q).
2
Suppose 5 + 1 = -2*m, -5*m = -f + 53. What are the prime factors of f?
2, 19
Let y be (-3 + 16)/(2/(-4)). Let a be 3/(-9) + y/(-6). Suppose 12 = -0*x + 3*x - 2*q, 0 = x - 2*q - a. List the prime factors of x.
2
Let w(r) = r**3 + 5*r**2 + 3*r + 6. Let i(n) = n - 9. Let m be i(5). List the prime factors of w(m).
2, 5
Let w be (-6)/15 - (-804)/10. Suppose -6*s + w = -2*s. Let t = s - 10. List the prime factors of t.
2, 5
Let z be -2 + -3 + 4 + -2. Let d(r) = -2*r + 2. List the prime factors of d(z).
2
What are the prime factors of 1/((-1)/(87/(-3)))?
29
Let z(d) = -d**3 + 10*d**2 - 4*d - 5. Let n(l) = l**2 - l - 1. Let r(x) = -6*n(x) + z(x). List the prime factors of r(4).
3
Let p(w) = 5*w**3 + 2*w**2 + w - 1. List the prime factors of p(2).
7
Let i(v) be the first derivative of -v**3/3 - 7*v**2 - 13*v + 1. What are the prime factors of i(-12)?
11
Let y(r) = -39*r**3 + 2*r**2 + r. Let n be y(-1). Suppose -4*t + 86 = -2*x, -n - 61 = -5*t - 4*x. Suppose -4*u + t = -u. List the prime factors of u.
7
Suppose -3*q + 6 = -4*q. Let f be 9/q - (-1)/(-2). List the prime factors of (-1 - -6) + f/(-1).
7
Let o be (10/(-4))/5*-4. Let d(n) = n**2 - n - 2. Let t be d(o). Suppose 0 = a - 4 - t. What are the prime factors of a?
2
Let z = -2 + 0. Let l(d) = -d**3 - 7*d**2 + 2*d. Let m(p) = -3*p**3 - 22*p**2 + 7*p - 1. Let b(q) = z*m(q) + 7*l(q). What are the prime factors of b(-5)?
2
Let t(g) = -2*g - 6. Suppose -z = -0*z + 4*u + 1, -1 = -u. What are the prime factors of t(z)?
2
Suppose v + 0*w - 4*w = 6, -2*v + 1 = 3*w. Suppose -v*b + 0*b + 10 = 0. Suppose -69 - 6 = -b*d. What are the prime factors of d?
3, 5
Let x(q) = q**2 + 3*q + 1. Let b be x(-2). Let g = b + 3. Suppose g*v + n = 46 - 18, -2*v - 2*n = -30. List the prime factors of v.
13
Let v(r) = r**3 - 8*r**2 + 3*r + 7. Let p be v(9). Suppose -5*f + p = 40. List the prime factors of f.
3, 5
Let m(i) = -i + 18. Let c(q) = q + 8. Let d be c(-8). What are the prime factors of m(d)?
2, 3
Let a be 3 - ((1 - 2) + 2). Suppose 0 = -2*f + 4*z + 68, 2*z = a*f - 4*f + 68. List the prime factors of f.
2, 17
Suppose -4 = -v - 5*r + 2*r, 1 = 5*v - 4*r. Let g be (-3*v)/(3/(-6)). Let l = 14 - g. What are the prime factors of l?
2
Let j be (-3 + (-20)/(-8))*-10. Suppose 0*y + 15 = j*c - 5*y, y - 9 = -5*c. What are the prime factors of c?
2
Let k be 2*1 - (10 - -2). Let g = k + 16. List the prime factors of -3*4/g*-2.
2
Suppose 0 = 5*w - 2 - 18. Suppose -3*o = 5*r - 55, -5*r + 13 = w*o - 52. What are the prime factors of o?
2, 5
Suppose -2*w + w = 4*p + 13, 3*p = -2*w - 11. Let z = w - 0. Let n = 4 + z. What are the prime factors of n?
3
Let f(n) = n**3 - 4*n**2 - 6*n - 3. Let t be f(5). Suppose -4*x = 2*v - 1 + 11, 5*x + 2*v + 12 = 0. Let k = x - t. List the prime factors of k.
2, 3
Let x be (-79)/(-11) + (-2)/11. Suppose 4*r + x = 23. What are the prime factors of r?
2
Let c(m) = -17*m**2 - 27*m - 8. Let q(t) = 8*t**2 + 13*t + 4. Let l(p) = 6*c(p) + 13*q(p). What are the prime factors of l(-5)?
19
Let i be ((-7)/(-4))/(4/(-16)). Let g = 9 - i. Suppose 5*k - g = k. List the prime factors of k.
2
Let h(l) = -2*l**3 - 4*l**2 - 2. Let b be h(-3). Suppose -3*w = w - b. List the prime factors of ((-60)/9)/w*-3.
5
Let u be -10*(-2 + (-2)/(-4)). Let j = -11 + u. Suppose -j*q + 55 = q. What are the prime factors of q?
11
Let y be 58/5 - (-6)/15. Suppose 2*x = -4 + y. What are the prime factors of x?
2
Let u(k) = -35*k**3 + k**2 - 1. What are the prime factors of u(-1)?
5, 7
Suppose -2*s = -4*r - 0*s + 6, 4*s - 18 = -2*r. Let n be 1 - 3 - (r - 3). What are the prime factors of 4/(-2)*7/n?
7
Let t(l) be the third derivative of l**6/120 - 2*l**5/15 + 3*l**4/8 - 3*l**3/2 - l**2. Let h be t(7). List the prime factors of (-2)/h - (-17)/5.
3
Let c(l) = l**3 + 5*l**2 - 4*l - 4. Let i be c(-4). Suppose i + 2 = 3*r. List the prime factors of r.
2, 5
Let l(a) = -a**2 + 35. Let y be l(0). Let x be (-4)/14 + 430/y. Let v(t) = t + 3. What are the prime factors of v(x)?
3, 5
Let z(w) = w**3 - 6*w**2 + 2*w + 2. List the prime factors of z(6).
2, 7
Suppose -5*w + 482 = 3*z, -4*z - 7*w = -2*w - 636. List the 